{"id":168,"date":"2022-10-05T07:19:34","date_gmt":"2022-10-05T12:19:34","guid":{"rendered":"https:\/\/otorrinodent.com\/?post_type=product&#038;p=168"},"modified":"2026-04-01T08:10:14","modified_gmt":"2026-04-01T13:10:14","slug":"consulta-especializada-en-ronquido-y-apnea-de-sueno","status":"publish","type":"product","link":"https:\/\/otorrinodent.com\/index.php\/producto\/consulta-especializada-en-ronquido-y-apnea-de-sueno\/","title":{"rendered":"Consulta especializada en ronquido y apnea de sue\u00f1o"},"content":{"rendered":"<p>Consulta especializada en ronquido y apnea de sue\u00f1o (incluye nasolaringoscopia din\u00e1mica)<\/p>\n","protected":false},"excerpt":{"rendered":"<p>Consulta especializada en ronquido y apnea de sue\u00f1o (incluye nasolaringoscopia din\u00e1mica)<\/p>\n","protected":false},"featured_media":169,"comment_status":"open","ping_status":"closed","template":"","meta":{"_joinchat":[]},"product_cat":[22],"product_tag":[],"class_list":["post-168","product","type-product","status-publish","has-post-thumbnail","hentry","product_cat-otorrino"],"_links":{"self":[{"href":"https:\/\/otorrinodent.com\/index.php\/wp-json\/wp\/v2\/product\/168","targetHints":{"allow":["GET"]}}],"collection":[{"href":"https:\/\/otorrinodent.com\/index.php\/wp-json\/wp\/v2\/product"}],"about":[{"href":"https:\/\/otorrinodent.com\/index.php\/wp-json\/wp\/v2\/types\/product"}],"replies":[{"embeddable":true,"href":"https:\/\/otorrinodent.com\/index.php\/wp-json\/wp\/v2\/comments?post=168"}],"wp:featuredmedia":[{"embeddable":true,"href":"https:\/\/otorrinodent.com\/index.php\/wp-json\/wp\/v2\/media\/169"}],"wp:attachment":[{"href":"https:\/\/otorrinodent.com\/index.php\/wp-json\/wp\/v2\/media?parent=168"}],"wp:term":[{"taxonomy":"product_cat","embeddable":true,"href":"https:\/\/otorrinodent.com\/index.php\/wp-json\/wp\/v2\/product_cat?post=168"},{"taxonomy":"product_tag","embeddable":true,"href":"https:\/\/otorrinodent.com\/index.php\/wp-json\/wp\/v2\/product_tag?post=168"}],"curies":[{"name":"wp","href":"https:\/\/api.w.org\/{rel}","templated":true}]}}